{"id":13441,"date":"2023-07-18T20:41:17","date_gmt":"2023-07-18T20:41:17","guid":{"rendered":"https:\/\/business.reobiztheme.com\/?page_id=13441"},"modified":"2023-11-26T22:41:48","modified_gmt":"2023-11-26T19:41:48","slug":"kurumsal","status":"publish","type":"page","link":"https:\/\/pruvayangin.com.tr\/index.php\/kurumsal\/","title":{"rendered":"Kurumsal"},"content":{"rendered":"\t\t<div data-elementor-type=\"wp-page\" data-elementor-id=\"13441\" class=\"elementor elementor-13441\">\n\t\t\t\t\t\t\t\t\t<section class=\"elementor-section elementor-top-section elementor-element elementor-element-9cec4fb elementor-section-stretched elementor-section-full_width md-bg-hidden elementor-section-content-middle elementor-section-height-default elementor-section-height-default\" data-id=\"9cec4fb\" data-element_type=\"section\" data-settings=\"{&quot;stretch_section&quot;:&quot;section-stretched&quot;,&quot;background_background&quot;:&quot;classic&quot;}\">\n\t\t\t\t\t\t<div class=\"elementor-container elementor-column-gap-default\">\n\t\t\t\t\t<div class=\"elementor-column elementor-col-100 elementor-top-column elementor-element elementor-element-835c7e2\" data-id=\"835c7e2\" data-element_type=\"column\">\n\t\t\t<div class=\"elementor-widget-wrap elementor-element-populated\">\n\t\t\t\t\t\t\t\t<section class=\"elementor-section elementor-inner-section elementor-element elementor-element-0b9fd49 elementor-section-content-middle elementor-section-boxed elementor-section-height-default elementor-section-height-default\" data-id=\"0b9fd49\" data-element_type=\"section\">\n\t\t\t\t\t\t<div class=\"elementor-container elementor-column-gap-default\">\n\t\t\t\t\t<div class=\"elementor-column elementor-col-50 elementor-inner-column elementor-element elementor-element-6278008 animated-slow\" data-id=\"6278008\" data-element_type=\"column\" data-settings=\"{&quot;animation&quot;:&quot;none&quot;,&quot;animation_delay&quot;:1000}\">\n\t\t\t<div class=\"elementor-widget-wrap elementor-element-populated\">\n\t\t\t\t\t\t\t\t<div class=\"elementor-element elementor-element-4f03abe animated-slow elementor-invisible elementor-widget elementor-widget-image\" data-id=\"4f03abe\" data-element_type=\"widget\" data-settings=\"{&quot;_animation&quot;:&quot;fadeInLeft&quot;}\" data-widget_type=\"image.default\">\n\t\t\t\t<div class=\"elementor-widget-container\">\n\t\t\t<style>\/*! elementor - v3.17.0 - 08-11-2023 *\/\n.elementor-widget-image{text-align:center}.elementor-widget-image a{display:inline-block}.elementor-widget-image a img[src$=\".svg\"]{width:48px}.elementor-widget-image img{vertical-align:middle;display:inline-block}<\/style>\t\t\t\t\t\t\t\t\t\t\t\t<img fetchpriority=\"high\" decoding=\"async\" width=\"617\" height=\"675\" src=\"https:\/\/pruvayangin.com.tr\/wp-content\/uploads\/2023\/11\/fact_bg.jpg\" class=\"attachment-large size-large wp-image-13995\" alt=\"\" srcset=\"https:\/\/pruvayangin.com.tr\/wp-content\/uploads\/2023\/11\/fact_bg.jpg 617w, https:\/\/pruvayangin.com.tr\/wp-content\/uploads\/2023\/11\/fact_bg-274x300.jpg 274w\" sizes=\"(max-width: 617px) 100vw, 617px\" \/>\t\t\t\t\t\t\t\t\t\t\t\t\t\t\t<\/div>\n\t\t\t\t<\/div>\n\t\t\t\t\t<\/div>\n\t\t<\/div>\n\t\t\t\t<div class=\"elementor-column elementor-col-50 elementor-inner-column elementor-element elementor-element-093ed09 animated-slow\" data-id=\"093ed09\" data-element_type=\"column\" data-settings=\"{&quot;animation&quot;:&quot;none&quot;,&quot;animation_delay&quot;:1000}\">\n\t\t\t<div class=\"elementor-widget-wrap elementor-element-populated\">\n\t\t\t\t\t\t\t\t<div class=\"elementor-element elementor-element-cc95dfb elementor-widget elementor-widget-rs-heading\" data-id=\"cc95dfb\" data-element_type=\"widget\" data-widget_type=\"rs-heading.default\">\n\t\t\t\t<div class=\"elementor-widget-container\">\n\t\t\t        <div class=\"rs-heading style7  \">\r\n        \t<div class=\"title-inner\">\r\n        \t\t      \t\t\r\n\t            <span class=\"sub-text\">Pruva Yang\u0131n<\/span><h2 class=\"title\"><span class=\"watermark\"><\/span>Biz Kimiz ?<\/h2>\t        <\/div>\r\n\t                <\/div>\r\n\r\n        \t\t<\/div>\n\t\t\t\t<\/div>\n\t\t\t\t<div class=\"elementor-element elementor-element-6ff8701 elementor-widget elementor-widget-text-editor\" data-id=\"6ff8701\" data-element_type=\"widget\" data-widget_type=\"text-editor.default\">\n\t\t\t\t<div class=\"elementor-widget-container\">\n\t\t\t<style>\/*! elementor - v3.17.0 - 08-11-2023 *\/\n.elementor-widget-text-editor.elementor-drop-cap-view-stacked .elementor-drop-cap{background-color:#69727d;color:#fff}.elementor-widget-text-editor.elementor-drop-cap-view-framed .elementor-drop-cap{color:#69727d;border:3px solid;background-color:transparent}.elementor-widget-text-editor:not(.elementor-drop-cap-view-default) .elementor-drop-cap{margin-top:8px}.elementor-widget-text-editor:not(.elementor-drop-cap-view-default) .elementor-drop-cap-letter{width:1em;height:1em}.elementor-widget-text-editor .elementor-drop-cap{float:left;text-align:center;line-height:1;font-size:50px}.elementor-widget-text-editor .elementor-drop-cap-letter{display:inline-block}<\/style>\t\t\t\t<p><strong>Antalya&#8217;da 1999 y\u0131ll\u0131ndan beri pruva yang\u0131n olarak hizmet veriyoruz.<\/strong><\/p><p>Yang\u0131n g\u00fcvenli\u011fi konusunda uzmanla\u015fm\u0131\u015f bir ekip olarak, Pruva Yang\u0131n olarak sekt\u00f6rde \u00f6nc\u00fc bir konumday\u0131z. Antalya merkezli \u015firketimiz, m\u00fc\u015fterilerimize y\u00fcksek kaliteli yang\u0131n s\u00f6nd\u00fcrme \u00e7\u00f6z\u00fcmleri sunarak, g\u00fcvenli ve g\u00fcvenilir bir \u00e7al\u0131\u015fma ortam\u0131 olu\u015fturmaya kararl\u0131d\u0131r.<\/p><p><strong>Misyonumuz<\/strong><\/p><p>M\u00fc\u015fterilerimizin g\u00fcvenli\u011fi ve varl\u0131klar\u0131n\u0131n korunmas\u0131 bizim \u00f6ncelikli misyonumuzdur. Yang\u0131nla m\u00fccadelede etkili ve h\u0131zl\u0131 \u00e7\u00f6z\u00fcmler \u00fcreterek, i\u015f ortamlar\u0131n\u0131 g\u00fcvenli bir hale getirmeyi taahh\u00fct ediyoruz.<\/p><p><strong>Vizyonumuz<\/strong><\/p><p>Pruva yang\u0131n, sekt\u00f6rdeki en g\u00fcvenilir yang\u0131n s\u00f6nd\u00fcrme \u00e7\u00f6z\u00fcmleri sa\u011flay\u0131c\u0131s\u0131 olma vizyonuyla hareket etmektedir. Teknolojik geli\u015fmeleri yak\u0131ndan takip ederek, s\u00fcrekli olarak m\u00fc\u015fterilerimize en yenilik\u00e7i ve etkili \u00fcr\u00fcn ve hizmetleri sunmay\u0131 hedefliyoruz.<\/p>\t\t\t\t\t\t<\/div>\n\t\t\t\t<\/div>\n\t\t\t\t<div class=\"elementor-element elementor-element-84eab81 elementor-widget elementor-widget-rs-button\" data-id=\"84eab81\" data-element_type=\"widget\" data-widget_type=\"rs-button.default\">\n\t\t\t\t<div class=\"elementor-widget-container\">\n\t\t\t\t\r\n\t\t\r\n\t\t<div class=\"rs-btn\">\r\n\t\t\t\t\t\t<a class=\"readon rs_button\" href=\"https:\/\/consulting2.reobiztheme.com\/about\/\" >\t\t\t\t\r\n\t\t\t\t<span class=\"btn_text\">Discover More<\/span>\r\n\t\t\t\t\t\t\t<\/a>\r\n\t\t<\/div>    \r\n\t\t\t<\/div>\n\t\t\t\t<\/div>\n\t\t\t\t\t<\/div>\n\t\t<\/div>\n\t\t\t\t\t\t\t<\/div>\n\t\t<\/section>\n\t\t\t\t\t<\/div>\n\t\t<\/div>\n\t\t\t\t\t\t\t<\/div>\n\t\t<\/section>\n\t\t\t\t<section class=\"elementor-section elementor-top-section elementor-element elementor-element-2f8864af elementor-section-stretched elementor-section-boxed elementor-section-height-default elementor-section-height-default\" data-id=\"2f8864af\" data-element_type=\"section\" data-settings=\"{&quot;stretch_section&quot;:&quot;section-stretched&quot;,&quot;background_background&quot;:&quot;classic&quot;}\">\n\t\t\t\t\t\t<div class=\"elementor-container elementor-column-gap-extended\">\n\t\t\t\t\t<div class=\"elementor-column elementor-col-100 elementor-top-column elementor-element elementor-element-159e264a\" data-id=\"159e264a\" data-element_type=\"column\">\n\t\t\t<div class=\"elementor-widget-wrap elementor-element-populated\">\n\t\t\t\t\t\t\t\t<div class=\"elementor-element elementor-element-5402d695 elementor-widget elementor-widget-rs-heading\" data-id=\"5402d695\" data-element_type=\"widget\" data-widget_type=\"rs-heading.default\">\n\t\t\t\t<div class=\"elementor-widget-container\">\n\t\t\t        <div class=\"rs-heading default center \">\r\n        \t<div class=\"title-inner\">\r\n        \t\t      \t\t\r\n\t            <span class=\"sub-text \">Pruva Yang\u0131n<\/span><h2 class=\"title\"><span class=\"watermark\"><\/span>1999 Y\u0131ll\u0131ndan beri<\/h2>\t        <\/div>\r\n\t                <\/div>\r\n\r\n        \t\t<\/div>\n\t\t\t\t<\/div>\n\t\t\t\t<section class=\"elementor-section elementor-inner-section elementor-element elementor-element-332ef25 elementor-section-boxed elementor-section-height-default elementor-section-height-default\" data-id=\"332ef25\" data-element_type=\"section\">\n\t\t\t\t\t\t<div class=\"elementor-container elementor-column-gap-default\">\n\t\t\t\t\t<div class=\"elementor-column elementor-col-25 elementor-inner-column elementor-element elementor-element-6dca7cd\" data-id=\"6dca7cd\" data-element_type=\"column\">\n\t\t\t<div class=\"elementor-widget-wrap elementor-element-populated\">\n\t\t\t\t\t\t\t\t<div class=\"elementor-element elementor-element-771559e5 elementor-widget elementor-widget-rs-counter\" data-id=\"771559e5\" data-element_type=\"widget\" data-widget_type=\"rs-counter.default\">\n\t\t\t\t<div class=\"elementor-widget-container\">\n\t\t\t\t\t<div class=\"counter-top-area style1\">\r\n\t\t    <div class=\"rs-counter-list\">\r\n\t\t    \t\r\n\t\t    \t\t\t    \t\t       \r\n\t\t\t    <div class=\"count-text\">\r\n\t\t\t    \t<div class=\"count-number\">\r\n\t\t\t    \t\t\t\t\t    \t\t\t<span class=\"rs-counter\"> 141<\/span>\r\n\t\t\t    \t\t<span class=\"prefix\">k<\/span>\t\t\t    \t<\/div>\r\n\r\n\t\t\t    \t\t\t\t    \t\t<span class=\"title\">  Mutlu M\u00fc\u015fteri<\/span>\t\r\n\t\t\t    \t\t\r\n\r\n\t\t\t    <\/div>\r\n\t\t\t<\/div>\r\n\t\t<\/div>\t\t\r\n\t\t\t<\/div>\n\t\t\t\t<\/div>\n\t\t\t\t\t<\/div>\n\t\t<\/div>\n\t\t\t\t<div class=\"elementor-column elementor-col-25 elementor-inner-column elementor-element elementor-element-12faf144\" data-id=\"12faf144\" data-element_type=\"column\">\n\t\t\t<div class=\"elementor-widget-wrap elementor-element-populated\">\n\t\t\t\t\t\t\t\t<div class=\"elementor-element elementor-element-43699b2a elementor-widget elementor-widget-rs-counter\" data-id=\"43699b2a\" data-element_type=\"widget\" data-widget_type=\"rs-counter.default\">\n\t\t\t\t<div class=\"elementor-widget-container\">\n\t\t\t\t\t<div class=\"counter-top-area style1\">\r\n\t\t    <div class=\"rs-counter-list\">\r\n\t\t    \t\r\n\t\t    \t\t\t    \t\t       \r\n\t\t\t    <div class=\"count-text\">\r\n\t\t\t    \t<div class=\"count-number\">\r\n\t\t\t    \t\t\t\t\t    \t\t\t<span class=\"rs-counter\"> 113<\/span>\r\n\t\t\t    \t\t<span class=\"prefix\">+<\/span>\t\t\t    \t<\/div>\r\n\r\n\t\t\t    \t\t\t\t    \t\t<span class=\"title\">  Yeni Proje<\/span>\t\r\n\t\t\t    \t\t\r\n\r\n\t\t\t    <\/div>\r\n\t\t\t<\/div>\r\n\t\t<\/div>\t\t\r\n\t\t\t<\/div>\n\t\t\t\t<\/div>\n\t\t\t\t\t<\/div>\n\t\t<\/div>\n\t\t\t\t<div class=\"elementor-column elementor-col-25 elementor-inner-column elementor-element elementor-element-7898d685\" data-id=\"7898d685\" data-element_type=\"column\">\n\t\t\t<div class=\"elementor-widget-wrap elementor-element-populated\">\n\t\t\t\t\t\t\t\t<div class=\"elementor-element elementor-element-68c8ad33 elementor-widget elementor-widget-rs-counter\" data-id=\"68c8ad33\" data-element_type=\"widget\" data-widget_type=\"rs-counter.default\">\n\t\t\t\t<div class=\"elementor-widget-container\">\n\t\t\t\t\t<div class=\"counter-top-area style1\">\r\n\t\t    <div class=\"rs-counter-list\">\r\n\t\t    \t\r\n\t\t    \t\t\t    \t\t       \r\n\t\t\t    <div class=\"count-text\">\r\n\t\t\t    \t<div class=\"count-number\">\r\n\t\t\t    \t\t\t\t\t    \t\t\t<span class=\"rs-counter\"> 22<\/span>\r\n\t\t\t    \t\t<span class=\"prefix\">+<\/span>\t\t\t    \t<\/div>\r\n\r\n\t\t\t    \t\t\t\t    \t\t<span class=\"title\">  Uzman<\/span>\t\r\n\t\t\t    \t\t\r\n\r\n\t\t\t    <\/div>\r\n\t\t\t<\/div>\r\n\t\t<\/div>\t\t\r\n\t\t\t<\/div>\n\t\t\t\t<\/div>\n\t\t\t\t\t<\/div>\n\t\t<\/div>\n\t\t\t\t<div class=\"elementor-column elementor-col-25 elementor-inner-column elementor-element elementor-element-1f6d1d4f\" data-id=\"1f6d1d4f\" data-element_type=\"column\">\n\t\t\t<div class=\"elementor-widget-wrap elementor-element-populated\">\n\t\t\t\t\t\t\t\t<div class=\"elementor-element elementor-element-2e272d78 elementor-widget elementor-widget-rs-counter\" data-id=\"2e272d78\" data-element_type=\"widget\" data-widget_type=\"rs-counter.default\">\n\t\t\t\t<div class=\"elementor-widget-container\">\n\t\t\t\t\t<div class=\"counter-top-area style1\">\r\n\t\t    <div class=\"rs-counter-list\">\r\n\t\t    \t\r\n\t\t    \t\t\t    \t\t       \r\n\t\t\t    <div class=\"count-text\">\r\n\t\t\t    \t<div class=\"count-number\">\r\n\t\t\t    \t\t\t\t\t    \t\t\t<span class=\"rs-counter\"> 13<\/span>\r\n\t\t\t    \t\t<span class=\"prefix\">+<\/span>\t\t\t    \t<\/div>\r\n\r\n\t\t\t    \t\t\t\t    \t\t<span class=\"title\">  Yeni Ba\u015fvuru<\/span>\t\r\n\t\t\t    \t\t\r\n\r\n\t\t\t    <\/div>\r\n\t\t\t<\/div>\r\n\t\t<\/div>\t\t\r\n\t\t\t<\/div>\n\t\t\t\t<\/div>\n\t\t\t\t\t<\/div>\n\t\t<\/div>\n\t\t\t\t\t\t\t<\/div>\n\t\t<\/section>\n\t\t\t\t\t<\/div>\n\t\t<\/div>\n\t\t\t\t\t\t\t<\/div>\n\t\t<\/section>\n\t\t<div class=\"elementor-element elementor-element-cf0932d e-flex e-con-boxed e-con e-parent\" data-id=\"cf0932d\" data-element_type=\"container\" data-settings=\"{&quot;content_width&quot;:&quot;boxed&quot;}\" data-core-v316-plus=\"true\">\n\t\t\t\t\t<div class=\"e-con-inner\">\n\t\t\t\t<div class=\"elementor-element elementor-element-e329722 elementor-widget elementor-widget-spacer\" data-id=\"e329722\" data-element_type=\"widget\" data-widget_type=\"spacer.default\">\n\t\t\t\t<div class=\"elementor-widget-container\">\n\t\t\t<style>\/*! elementor - v3.17.0 - 08-11-2023 *\/\n.elementor-column .elementor-spacer-inner{height:var(--spacer-size)}.e-con{--container-widget-width:100%}.e-con-inner>.elementor-widget-spacer,.e-con>.elementor-widget-spacer{width:var(--container-widget-width,var(--spacer-size));--align-self:var(--container-widget-align-self,initial);--flex-shrink:0}.e-con-inner>.elementor-widget-spacer>.elementor-widget-container,.e-con>.elementor-widget-spacer>.elementor-widget-container{height:100%;width:100%}.e-con-inner>.elementor-widget-spacer>.elementor-widget-container>.elementor-spacer,.e-con>.elementor-widget-spacer>.elementor-widget-container>.elementor-spacer{height:100%}.e-con-inner>.elementor-widget-spacer>.elementor-widget-container>.elementor-spacer>.elementor-spacer-inner,.e-con>.elementor-widget-spacer>.elementor-widget-container>.elementor-spacer>.elementor-spacer-inner{height:var(--container-widget-height,var(--spacer-size))}.e-con-inner>.elementor-widget-spacer.elementor-widget-empty,.e-con>.elementor-widget-spacer.elementor-widget-empty{position:relative;min-height:22px;min-width:22px}.e-con-inner>.elementor-widget-spacer.elementor-widget-empty .elementor-widget-empty-icon,.e-con>.elementor-widget-spacer.elementor-widget-empty .elementor-widget-empty-icon{position:absolute;top:0;bottom:0;left:0;right:0;margin:auto;padding:0;width:22px;height:22px}<\/style>\t\t<div class=\"elementor-spacer\">\n\t\t\t<div class=\"elementor-spacer-inner\"><\/div>\n\t\t<\/div>\n\t\t\t\t<\/div>\n\t\t\t\t<\/div>\n\t\t\t\t\t<\/div>\n\t\t\t\t<\/div>\n\t\t\t\t\t\t\t<\/div>\n\t\t","protected":false},"excerpt":{"rendered":"<p>Pruva Yang\u0131n Biz Kimiz ? Antalya&#8217;da 1999 y\u0131ll\u0131ndan beri pruva yang\u0131n olarak hizmet veriyoruz. Yang\u0131n g\u00fcvenli\u011fi konusunda uzmanla\u015fm\u0131\u015f bir ekip olarak, Pruva Yang\u0131n olarak sekt\u00f6rde \u00f6nc\u00fc bir konumday\u0131z. Antalya merkezli \u015firketimiz, m\u00fc\u015fterilerimize y\u00fcksek kaliteli yang\u0131n s\u00f6nd\u00fcrme \u00e7\u00f6z\u00fcmleri sunarak, g\u00fcvenli ve g\u00fcvenilir bir \u00e7al\u0131\u015fma ortam\u0131 olu\u015fturmaya kararl\u0131d\u0131r. Misyonumuz M\u00fc\u015fterilerimizin g\u00fcvenli\u011fi ve varl\u0131klar\u0131n\u0131n korunmas\u0131 bizim \u00f6ncelikli misyonumuzdur&#8230;.<\/p>\n","protected":false},"author":1,"featured_media":0,"parent":0,"menu_order":0,"comment_status":"closed","ping_status":"closed","template":"","meta":{"_monsterinsights_skip_tracking":false,"_monsterinsights_sitenote_active":false,"_monsterinsights_sitenote_note":"","_monsterinsights_sitenote_category":0,"footnotes":""},"yoast_head":"<!-- This site is optimized with the Yoast SEO plugin v21.7 - https:\/\/yoast.com\/wordpress\/plugins\/seo\/ -->\n<title>Kurumsal - Pruva Yangin<\/title>\n<meta name=\"robots\" content=\"index, follow, max-snippet:-1, max-image-preview:large, max-video-preview:-1\" \/>\n<link rel=\"canonical\" href=\"https:\/\/pruvayangin.com.tr\/index.php\/kurumsal\/\" \/>\n<meta property=\"og:locale\" content=\"tr_TR\" \/>\n<meta property=\"og:type\" content=\"article\" \/>\n<meta property=\"og:title\" content=\"Kurumsal - Pruva Yangin\" \/>\n<meta property=\"og:description\" content=\"Pruva Yang\u0131n Biz Kimiz ? Antalya&#8217;da 1999 y\u0131ll\u0131ndan beri pruva yang\u0131n olarak hizmet veriyoruz. Yang\u0131n g\u00fcvenli\u011fi konusunda uzmanla\u015fm\u0131\u015f bir ekip olarak, Pruva Yang\u0131n olarak sekt\u00f6rde \u00f6nc\u00fc bir konumday\u0131z. Antalya merkezli \u015firketimiz, m\u00fc\u015fterilerimize y\u00fcksek kaliteli yang\u0131n s\u00f6nd\u00fcrme \u00e7\u00f6z\u00fcmleri sunarak, g\u00fcvenli ve g\u00fcvenilir bir \u00e7al\u0131\u015fma ortam\u0131 olu\u015fturmaya kararl\u0131d\u0131r. Misyonumuz M\u00fc\u015fterilerimizin g\u00fcvenli\u011fi ve varl\u0131klar\u0131n\u0131n korunmas\u0131 bizim \u00f6ncelikli misyonumuzdur....\" \/>\n<meta property=\"og:url\" content=\"https:\/\/pruvayangin.com.tr\/index.php\/kurumsal\/\" \/>\n<meta property=\"og:site_name\" content=\"Pruva Yangin\" \/>\n<meta property=\"article:modified_time\" content=\"2023-11-26T19:41:48+00:00\" \/>\n<meta property=\"og:image\" content=\"https:\/\/pruvayangin.com.tr\/wp-content\/uploads\/2023\/11\/fact_bg.jpg\" \/>\n<meta name=\"twitter:card\" content=\"summary_large_image\" \/>\n<meta name=\"twitter:label1\" content=\"Tahmini okuma s\u00fcresi\" \/>\n\t<meta name=\"twitter:data1\" content=\"1 dakika\" \/>\n<script type=\"application\/ld+json\" class=\"yoast-schema-graph\">{\"@context\":\"https:\/\/schema.org\",\"@graph\":[{\"@type\":\"WebPage\",\"@id\":\"https:\/\/pruvayangin.com.tr\/index.php\/kurumsal\/\",\"url\":\"https:\/\/pruvayangin.com.tr\/index.php\/kurumsal\/\",\"name\":\"Kurumsal - Pruva Yangin\",\"isPartOf\":{\"@id\":\"https:\/\/pruvayangin.com.tr\/#website\"},\"datePublished\":\"2023-07-18T20:41:17+00:00\",\"dateModified\":\"2023-11-26T19:41:48+00:00\",\"breadcrumb\":{\"@id\":\"https:\/\/pruvayangin.com.tr\/index.php\/kurumsal\/#breadcrumb\"},\"inLanguage\":\"tr\",\"potentialAction\":[{\"@type\":\"ReadAction\",\"target\":[\"https:\/\/pruvayangin.com.tr\/index.php\/kurumsal\/\"]}]},{\"@type\":\"BreadcrumbList\",\"@id\":\"https:\/\/pruvayangin.com.tr\/index.php\/kurumsal\/#breadcrumb\",\"itemListElement\":[{\"@type\":\"ListItem\",\"position\":1,\"name\":\"Anasayfa\",\"item\":\"https:\/\/pruvayangin.com.tr\/\"},{\"@type\":\"ListItem\",\"position\":2,\"name\":\"Kurumsal\"}]},{\"@type\":\"WebSite\",\"@id\":\"https:\/\/pruvayangin.com.tr\/#website\",\"url\":\"https:\/\/pruvayangin.com.tr\/\",\"name\":\"Pruva Yangin\",\"description\":\"\",\"publisher\":{\"@id\":\"https:\/\/pruvayangin.com.tr\/#organization\"},\"potentialAction\":[{\"@type\":\"SearchAction\",\"target\":{\"@type\":\"EntryPoint\",\"urlTemplate\":\"https:\/\/pruvayangin.com.tr\/?s={search_term_string}\"},\"query-input\":\"required name=search_term_string\"}],\"inLanguage\":\"tr\"},{\"@type\":\"Organization\",\"@id\":\"https:\/\/pruvayangin.com.tr\/#organization\",\"name\":\"Pruva Yang\u0131n ve G\u00fcvenlik hizmetleri \u00fcr\u00fcnleri\",\"alternateName\":\"Antalya Yang\u0131n s\u00f6nd\u00fcr\u00fcc\u00fc firmas\u0131\",\"url\":\"https:\/\/pruvayangin.com.tr\/\",\"logo\":{\"@type\":\"ImageObject\",\"inLanguage\":\"tr\",\"@id\":\"https:\/\/pruvayangin.com.tr\/#\/schema\/logo\/image\/\",\"url\":\"https:\/\/pruvayangin.com.tr\/wp-content\/uploads\/2023\/11\/logo.png\",\"contentUrl\":\"https:\/\/pruvayangin.com.tr\/wp-content\/uploads\/2023\/11\/logo.png\",\"width\":400,\"height\":100,\"caption\":\"Pruva Yang\u0131n ve G\u00fcvenlik hizmetleri \u00fcr\u00fcnleri\"},\"image\":{\"@id\":\"https:\/\/pruvayangin.com.tr\/#\/schema\/logo\/image\/\"}}]}<\/script>\n<!-- \/ Yoast SEO plugin. -->","yoast_head_json":{"title":"Kurumsal - Pruva Yangin","robots":{"index":"index","follow":"follow","max-snippet":"max-snippet:-1","max-image-preview":"max-image-preview:large","max-video-preview":"max-video-preview:-1"},"canonical":"https:\/\/pruvayangin.com.tr\/index.php\/kurumsal\/","og_locale":"tr_TR","og_type":"article","og_title":"Kurumsal - Pruva Yangin","og_description":"Pruva Yang\u0131n Biz Kimiz ? Antalya&#8217;da 1999 y\u0131ll\u0131ndan beri pruva yang\u0131n olarak hizmet veriyoruz. Yang\u0131n g\u00fcvenli\u011fi konusunda uzmanla\u015fm\u0131\u015f bir ekip olarak, Pruva Yang\u0131n olarak sekt\u00f6rde \u00f6nc\u00fc bir konumday\u0131z. Antalya merkezli \u015firketimiz, m\u00fc\u015fterilerimize y\u00fcksek kaliteli yang\u0131n s\u00f6nd\u00fcrme \u00e7\u00f6z\u00fcmleri sunarak, g\u00fcvenli ve g\u00fcvenilir bir \u00e7al\u0131\u015fma ortam\u0131 olu\u015fturmaya kararl\u0131d\u0131r. Misyonumuz M\u00fc\u015fterilerimizin g\u00fcvenli\u011fi ve varl\u0131klar\u0131n\u0131n korunmas\u0131 bizim \u00f6ncelikli misyonumuzdur....","og_url":"https:\/\/pruvayangin.com.tr\/index.php\/kurumsal\/","og_site_name":"Pruva Yangin","article_modified_time":"2023-11-26T19:41:48+00:00","og_image":[{"url":"https:\/\/pruvayangin.com.tr\/wp-content\/uploads\/2023\/11\/fact_bg.jpg"}],"twitter_card":"summary_large_image","twitter_misc":{"Tahmini okuma s\u00fcresi":"1 dakika"},"schema":{"@context":"https:\/\/schema.org","@graph":[{"@type":"WebPage","@id":"https:\/\/pruvayangin.com.tr\/index.php\/kurumsal\/","url":"https:\/\/pruvayangin.com.tr\/index.php\/kurumsal\/","name":"Kurumsal - Pruva Yangin","isPartOf":{"@id":"https:\/\/pruvayangin.com.tr\/#website"},"datePublished":"2023-07-18T20:41:17+00:00","dateModified":"2023-11-26T19:41:48+00:00","breadcrumb":{"@id":"https:\/\/pruvayangin.com.tr\/index.php\/kurumsal\/#breadcrumb"},"inLanguage":"tr","potentialAction":[{"@type":"ReadAction","target":["https:\/\/pruvayangin.com.tr\/index.php\/kurumsal\/"]}]},{"@type":"BreadcrumbList","@id":"https:\/\/pruvayangin.com.tr\/index.php\/kurumsal\/#breadcrumb","itemListElement":[{"@type":"ListItem","position":1,"name":"Anasayfa","item":"https:\/\/pruvayangin.com.tr\/"},{"@type":"ListItem","position":2,"name":"Kurumsal"}]},{"@type":"WebSite","@id":"https:\/\/pruvayangin.com.tr\/#website","url":"https:\/\/pruvayangin.com.tr\/","name":"Pruva Yangin","description":"","publisher":{"@id":"https:\/\/pruvayangin.com.tr\/#organization"},"potentialAction":[{"@type":"SearchAction","target":{"@type":"EntryPoint","urlTemplate":"https:\/\/pruvayangin.com.tr\/?s={search_term_string}"},"query-input":"required name=search_term_string"}],"inLanguage":"tr"},{"@type":"Organization","@id":"https:\/\/pruvayangin.com.tr\/#organization","name":"Pruva Yang\u0131n ve G\u00fcvenlik hizmetleri \u00fcr\u00fcnleri","alternateName":"Antalya Yang\u0131n s\u00f6nd\u00fcr\u00fcc\u00fc firmas\u0131","url":"https:\/\/pruvayangin.com.tr\/","logo":{"@type":"ImageObject","inLanguage":"tr","@id":"https:\/\/pruvayangin.com.tr\/#\/schema\/logo\/image\/","url":"https:\/\/pruvayangin.com.tr\/wp-content\/uploads\/2023\/11\/logo.png","contentUrl":"https:\/\/pruvayangin.com.tr\/wp-content\/uploads\/2023\/11\/logo.png","width":400,"height":100,"caption":"Pruva Yang\u0131n ve G\u00fcvenlik hizmetleri \u00fcr\u00fcnleri"},"image":{"@id":"https:\/\/pruvayangin.com.tr\/#\/schema\/logo\/image\/"}}]}},"_links":{"self":[{"href":"https:\/\/pruvayangin.com.tr\/index.php\/wp-json\/wp\/v2\/pages\/13441"}],"collection":[{"href":"https:\/\/pruvayangin.com.tr\/index.php\/wp-json\/wp\/v2\/pages"}],"about":[{"href":"https:\/\/pruvayangin.com.tr\/index.php\/wp-json\/wp\/v2\/types\/page"}],"author":[{"embeddable":true,"href":"https:\/\/pruvayangin.com.tr\/index.php\/wp-json\/wp\/v2\/users\/1"}],"replies":[{"embeddable":true,"href":"https:\/\/pruvayangin.com.tr\/index.php\/wp-json\/wp\/v2\/comments?post=13441"}],"version-history":[{"count":8,"href":"https:\/\/pruvayangin.com.tr\/index.php\/wp-json\/wp\/v2\/pages\/13441\/revisions"}],"predecessor-version":[{"id":14140,"href":"https:\/\/pruvayangin.com.tr\/index.php\/wp-json\/wp\/v2\/pages\/13441\/revisions\/14140"}],"wp:attachment":[{"href":"https:\/\/pruvayangin.com.tr\/index.php\/wp-json\/wp\/v2\/media?parent=13441"}],"curies":[{"name":"wp","href":"https:\/\/api.w.org\/{rel}","templated":true}]}}